 3*d - 2*d = -5*q - 228. What are the prime factors of (5400/q)/(3/(-4))?
2, 5
Let w = 157 + -157. Suppose 0*p = -5*p + 295. Suppose -3*y + 127 + p = w. What are the prime factors of y?
2, 31
Suppose -5*f + 148015 = -3*p, 1197*f - 118390 = 1193*f - 2*p. What are the prime factors of f?
2, 5, 37
Let h be 5/2*(81 - 79). Suppose -4*j = -3*c - 260 - 160, -2*j - h*c + 236 = 0. What are the prime factors of j?
2, 3
Let n(v) = -3*v**3 + 27*v**2 - 12*v - 45. Let f be n(7). Let b = -328 - -604. Let u = b - f. What are the prime factors of u?
3, 37
Let v = 11552 - 4783. List the prime factors of v.
7, 967
Let r(w) = 414*w - 50. Let z be r(-18). List the prime factors of (0 - (6 - 2))*z/88.
11, 31
List the prime factors of (1916*(-70)/56)/(2/(-4)).
2, 5, 479
Let c(m) = -174*m + 113. Let f be c(5). Let t = 1266 + f. What are the prime factors of t?
509
Suppose 0 = -3*l + x + 1, 4*l = x + 1 - 0. Let k = l + -3. List the prime factors of ((186 - 0)/2 - -3) + k.
3, 31
Suppose 0 = 2*t - v - 60937, -31*t + 32*t - 30500 = 5*v. List the prime factors of t.
3, 5, 677
Suppose -14176*v + 14164*v + 18780 = 0. What are the prime factors of v?
5, 313
Let h(o) = -40*o - 21. Let i(v) = 13*v + 7. Let c(j) = -6*h(j) - 17*i(j). Let k be c(10). Suppose -2*s = d - 193, d + 2*s + s = k. List the prime factors of d.
5, 37
Suppose -5*f = 8*f - 23*f + 271780. List the prime factors of f.
2, 107, 127
Let o be -4*(-2)/(-6)*168/14. List the prime factors of o + 15 - 1952/(-2).
3, 5, 13
Let a(t) = -35*t - 138. Let b be a(-4). Suppose 2*z = -3*g + 3205, -b*z + 3*g + g + 3184 = 0. List the prime factors of z.
2, 17, 47
Let p(g) = g**2 + 7*g + 9. Let n be p(-6). Suppose 5*q = -4*f + 1772, 4*f = 9 + n. List the prime factors of q.
2, 11
Suppose 14490 = -21*g + 14*g. List the prime factors of (-88)/(-308) - g/7.
2, 37
Let s = -70 + 75. Suppose 0 = -4*v + 8, 0*v - 3*v + 6141 = s*t. What are the prime factors of t?
3, 409
Let u be 8 + (-3)/9*1923. Let r = u - -1054. What are the prime factors of r?
421
Suppose -371316 = -33*x + 284724. List the prime factors of (4/10)/(8/x).
2, 7, 71
Let i(h) = -h**2 - h + 3. Let c be i(0). Suppose 0 = -c*l + 2*l + 7. Suppose 262 = l*m - 410. List the prime factors of m.
2, 3
Let r = -369 + 359. Let v(x) = -69*x + 104. What are the prime factors of v(r)?
2, 397
Let r(m) = -2*m**2 - 6*m + 47. Let y be r(-7). List the prime factors of 3/y - (12450/9)/(-10).
2, 3, 23
Let z = -58 - -61. Suppose -z*f + 403 = f - 5*j, -2*f - j = -191. What are the prime factors of f?
97
Suppose 0 = 6*b - 3 - 9. Let k be (8*14 - b) + -1. Suppose 3*s - 3*v - 165 = 0, -3*s + 4*v - k = -277. What are the prime factors of s?
2, 13
Let y(x) = -x**3 + 982. Let u = -121 - -121. What are the prime factors of y(u)?
2, 491
Suppose -5*l = -274*r + 273*r + 656, -3*r - 3*l = -2022. What are the prime factors of r?
11, 61
Suppose -s - 4*s = -5*n - 3070, 4*s - 2441 = -n. Let g = s - 320. List the prime factors of g.
3, 97
Let v = -143 - -86. Let n = 57 + v. Suppose n = 4*l + l - 1055. What are the prime factors of l?
211
Suppose -49*d = -105*d + 10*d + 740416. What are the prime factors of d?
2, 503
Suppose 14*o - 193943 = -62903. What are the prime factors of o?
2, 3, 5, 13
Suppose -856 - 14 = -29*y. Let h(m) = -m**2 - 6*m - 5. Let x be h(-4). Suppose 3*i + 4*f - y = 0, -i + x*f + 5 = -5. List the prime factors of i.
2, 5
Let g be (4 + 14/(-4))*-12. Let n(k) = -5*k**3 - 15*k**2 + 11*k - 3. List the prime factors of n(g).
3, 157
Let r = -4111 - -6863. Suppose 165*t = 169*t - r. List the prime factors of t.
2, 43
Let g(p) = -18*p**3 - 2*p**2 - 12*p - 24. Let c be g(-3). List the prime factors of (-10)/(-3)*c/(-25)*-3.
2, 3
Let l be (13 + -14)/(3/(-69)). Suppose l*t - 9*t - 9226 = 0. What are the prime factors of t?
659
What are the prime factors of ((-1)/3)/(-8 + 547822/68478)?
101, 113
Suppose -2*s = -8 - 0. Suppose -630 = -s*z + 90. List the prime factors of z.
2, 3, 5
Suppose -9*z + 8*z = -5*l - 14, -l - 2*z - 5 = 0. List the prime factors of (-111628)/(-308) - l/(-7).
2, 181
Suppose x + 6*x = -21. List the prime factors of x/(-3)*-5 - -390.
5, 7, 11
Let p(f) = 3072*f + 2956. What are the prime factors of p(7)?
2, 5, 1223
Suppose -152431 = -76*x + 65320 + 42549. What are the prime factors of x?
5, 137
Let i be (-1924)/26 - -3*2. Let q = i + 793. List the prime factors of q.
5, 29
Let d be (-14)/10 + 36/(-60). Let l be (0/d)/((-18)/9). List the prime factors of -3 + ((l - -3) + -21)/(-2).
2, 3
Let g(y) = 20*y + 3701. What are the prime factors of g(7)?
23, 167
Let j = 2643 + -1483. Suppose -13*k + 33*k - j = 0. List the prime factors of k.
2, 29
Let a(g) = 915*g**2 + 1389*g - 8358. What are the prime factors of a(6)?
2, 3, 13, 211
List the prime factors of (-1)/((54/63351)/(-6)).
7039
Let i be 1/3 - 5/(-3). Let k(m) = 24*m - 345. Let g be k(20). What are the prime factors of g + (0 - 0 - i)?
7, 19
List the prime factors of (3 + 204/20)/(-2 - 4029/(-2010)).
2, 11, 67
Let x be 12/(-9)*(-12)/(-8). Let s = x + 9. Suppose 4*l = s*l - 306. What are the prime factors of l?
2, 3, 17
Let s = -32 + 34. Suppose -s*i + 4*d + 424 = 0, 431 + 629 = 5*i + 5*d. Let b = -109 + i. List the prime factors of b.
103
List the prime factors of 28/(-21)*(-3 + -867)/5.
2, 29
Let m(a) be the third derivative of -85*a**4/12 + 47*a**3/2 + 22*a**2 - 1. List the prime factors of m(-4).
821
Let x(u) = -957*u + 498. List the prime factors of x(-7).
3, 2399
Suppose -88 = -0*i - 11*i. Let v(r) = 42*r + 125. What are the prime factors of v(i)?
461
Let s = 936 + 6045. What are the prime factors of s?
3, 13, 179
Suppose -5*v = -a + 86966, -2*a - 8250*v + 173848 = -8248*v. List the prime factors of a.
3, 13, 743
Suppose 4*r + 2*i = i + 199, 2*i = -r + 48. Let p = -48 + r. Suppose -4*s + 30 = 3*j, p*j - 3*s - 40 = -3. What are the prime factors of j?
2, 7
Suppose -24*q = 3*o - 22*q - 15217, -3*q = o - 5070. List the prime factors of o.
3, 19, 89
Suppose 5*s = 7*g - 3*g - 1374, -3*s = -6. What are the prime factors of g?
2, 173
Let a = 204 - 189. What are the prime factors of 6/10 - ((-1056)/a + -5)?
2, 19
Suppose -48 = -4*v + 4. Suppose v - 48 = -5*l. What are the prime factors of 565/l + ((-10)/35)/(-1)?
3
Let q = 47 - 42. Suppose 3*v - q = 13. Suppose 0 = -v*j + 3*j + 336. List the prime factors of j.
2, 7
Suppose 0 = 4*z + z - 180. Suppose -6*v + 257 = -10*v + o, -o + 322 = -5*v. Let i = z - v. List the prime factors of i.
101
What are the prime factors of 211411/19 + 78/741?
3, 3709
Let j be (-3)/(-2)*(-4)/(-3). Suppose j*c = 440 + 246. List the prime factors of c.
7
Suppose -5*c = -2*n - 2*c - 2161, -c = -n - 1083. Let o = n + 1690. List the prime factors of o.
2, 7, 43
Let a(f) = 100*f**3 + 8*f**2 - 62*f + 50. What are the prime factors of a(6)?
2, 41, 263
Suppose 4*m - i - 1561 = -4625, m + 5*i = -787. Let x = 930 + m. What are the prime factors of x?
163
Let q(k) = k**3 + 9*k**2 + 14*k - 3. Let a be q(-7). Let m be (a/(-2) - 3)*-430. Suppose 132*h = 137*h - m. What are the prime factors of h?
3, 43
Let p(r) = 3*r + 3. Let x be p(1). Let o be -4 - (-3 + 0 + -545). Suppose x*b + 82 = o. What are the prime factors of b?
7, 11
Let w = 203 - -28. Let j(g) = -8*g + 74. Let n be j(9). Suppose -n*y - y + w = 0. What are the prime factors of y?
7, 11
Suppose 4*j - 26*j + 13924 = 37*j. What are the prime factors of j?
2, 59
Let h(w) = 1529*w**2 + 34*w + 119. List the prime factors of h(-3).
2, 83
Let d(x) = 692*x - 641*x + 3*x**2 + 17 + 27. List the prime factors of d(-28).
2, 11
Let x(i) = 5*i**2 - i - 1. Let w be x(-1). Let l be ((-8)/(-10))/(78/(-15) + w). Let y(b) = -30*b + 2. What are the prime factors of y(l)?
2, 61
Let m(a) = 15*a - 74. Let f = 76 + -68. Let i = 8 + f. List the prime factors of m(i).
2, 83
Let f = -1 - 76. Let g = 90 + f. Suppose g*c - 1531 = -361. What are the prime factors of c?
2, 3, 5
Let r(a) = 186*a**2 - 8*a + 78. List the prime factors of r(6).
2, 3, 19, 59
Suppose -2*l = 0, -3*s + 3*l = -9 - 12. Suppose 0 = s*b - 25 + 4. Suppose 0 = -2*a - 5*d + 25, 2*a - b*d = 7*a - 34. What are the prime factors of a?
5
Let a be (1 + 5 + -1)/(-1). Let w(t) = t**2 + 4*t + 1. Let d be w(a). Suppose -4*n = -d - 94. What are the prime factors of n?
5
List the prime factors of (1 - 93)/(-2)*((-2055)/(-6) + 3).
23, 691